e 5401215992?
False
Is 161 a factor of 9175712?
True
Is 19 a factor of 935921349?
False
Is 92598176 a multiple of 6?
False
Does 84 divide 351242497?
False
Is 72887383 a multiple of 778?
False
Is 2298260 a multiple of 20?
True
Does 517 divide 85331061?
False
Does 49 divide 7209958?
True
Is 11 a factor of 768860993?
False
Is 1961681988 a multiple of 28?
True
Is 3741 a factor of 622792613?
False
Does 19 divide 972966060?
True
Does 24 divide 218236718?
False
Does 740 divide 23700864?
False
Is 26 a factor of 10198526?
True
Is 423506927 a multiple of 463?
False
Does 4 divide 2428712524?
True
Does 374 divide 22909465?
False
Is 505632449 a multiple of 1802?
False
Is 3 a factor of 367433726?
False
Does 24 divide 2800513447?
False
Is 5 a factor of 498830375?
True
Is 24 a factor of 12632658?
False
Is 3647056162 a multiple of 260?
False
Is 2782011357 a multiple of 423?
True
Does 25 divide 43767763?
False
Is 62 a factor of 419919056?
True
Does 261 divide 65810367?
True
Is 48 a factor of 1525292012?
False
Does 13 divide 168837158?
False
Is 4635 a factor of 732206768?
False
Does 2958 divide 297731574?
True
Is 223 a factor of 48485723?
False
Does 44 divide 25225860?
True
Does 4 divide 254893893?
False
Is 368153100 a multiple of 36?
True
Is 172 a factor of 5986233?
False
Does 4 divide 571276?
True
Is 12382614 a multiple of 18?
True
Is 5119491440 a multiple of 938?
True
Is 304 a factor of 1496029938?
False
Is 1283 a factor of 199756685?
True
Does 16 divide 190292689?
False
Is 100895346 a multiple of 9?
True
Is 35664244 a multiple of 868?
False
Does 46 divide 10409768?
False
Is 61 a factor of 319662265?
True
Is 50 a factor of 89313577?
False
Does 134 divide 1487544?
False
Is 29963495 a multiple of 378?
False
Does 1412 divide 1824203297?
False
Is 99442036 a multiple of 20?
False
Does 398 divide 29574584?
True
Does 1206 divide 15101646?
False
Does 12123 divide 5179259887?
False
Is 51 a factor of 3277260?
True
Is 12261301 a multiple of 17?
True
Is 3433756262 a multiple of 16?
False
Is 229055527 a multiple of 4?
False
Is 231224800 a multiple of 32?
True
Does 7 divide 293417243?
True
Is 281898882 a multiple of 9?
True
Is 911318006 a multiple of 152?
False
Is 282235844 a multiple of 3827?
False
Is 36 a factor of 292767588?
True
Is 7 a factor of 1222597964?
True
Is 534851420 a multiple of 140?
False
Is 448363542 a multiple of 1037?
True
Does 284 divide 42349820?
False
Is 52 a factor of 2951988?
True
Does 1398 divide 7147974?
True
Is 418268275 a multiple of 1365?
False
Is 750518654 a multiple of 5730?
False
Does 698 divide 32469164?
False
Does 948 divide 47854661?
False
Is 8668153 a multiple of 13?
True
Does 4379 divide 376169237?
True
Is 244 a factor of 665449000?
True
Does 9 divide 47681253?
True
Does 59 divide 20504683?
True
Is 493 a factor of 38284408?
True
Is 3647698472 a multiple of 88?
True
Is 3974949 a multiple of 9?
True
Is 180999514 a multiple of 31?
True
Is 811671229 a multiple of 452?
False
Is 377 a factor of 965099642?
True
Is 106 a factor of 342769741?
False
Is 20 a factor of 112608374?
False
Does 8 divide 263327976?
True
Is 41218746 a multiple of 103?
True
Is 26447169 a multiple of 169?
False
Is 7778 a factor of 2290378621?
False
Is 529239920 a multiple of 220?
True
Is 5414 a factor of 6486507922?
False
Is 22829499 a multiple of 99?
True
Is 25580055 a multiple of 206?
False
Is 13 a factor of 1216655258?
True
Is 27228050 a multiple of 103?
True
Is 659 a factor of 102666435?
False
Is 91 a factor of 122379339?
False
Is 76122595 a multiple of 1732?
False
Is 26632526 a multiple of 274?
True
Does 21 divide 15828855?
True
Is 28 a factor of 5082049919?
False
Is 907231126 a multiple of 27?
False
Is 98655678 a multiple of 32?
False
Does 4 divide 5174632?
True
Is 7135154 a multiple of 481?
True
Is 77 a factor of 64667567?
False
Does 178 divide 496338048?
True
Is 113802115 a multiple of 3416?
False
Does 281 divide 186088316?
True
Is 36445340 a multiple of 85?
False
Is 3996526751 a multiple of 469?
True
Is 46268288 a multiple of 187?
True
Is 358752295 a multiple of 2049?
False
Is 1013315206 a multiple of 21?
False
Is 8 a factor of 340840?
True
Does 65 divide 961903410?
True
Is 820 a factor of 38219373?
False
Does 11 divide 103545878?
False
Is 56 a factor of 66492328?
True
Does 4724 divide 472032012?
False
Does 101 divide 19648742?
True
Is 87520690 a multiple of 15?
False
Does 6 divide 16858451?
False
Does 3323 divide 151036996?
True
Is 342 a factor of 122235588?
True
Is 32075641 a multiple of 38?
False
Does 44 divide 17222260?
True
Does 388 divide 45474764?
True
Does 76 divide 35686712?
True
Is 12315919 a multiple of 37?
False
Is 19547313 a multiple of 3710?
False
Is 699 a factor of 382334582?
False
Is 25949386 a multiple of 2?
True
Does 135 divide 2287778?
False
Is 51 a factor of 14159217?
False
Is 226 a factor of 894862967?
False
Does 4623 divide 1256729604?
False
Does 549 divide 4563760689?
True
Is 569 a factor of 481757991?
False
Is 63685049 a multiple of 183?
False
Does 55 divide 79086425?
True
Does 25 divide 627054753?
False
Is 71 a factor of 280451420?
True
Does 122 divide 10074638?
True
Is 2 a factor of 154010759?
False
Does 42 divide 3398261?
False
Is 21111471 a multiple of 40?
False
Is 9065952 a multiple of 27?
True
Is 1143992283 a multiple of 10?
False
Is 5 a factor of 253681965?
True
Is 3335 a factor of 138699315?
True
Is 8 a factor of 15727696?
True
Does 46 divide 25271819?
False
Is 33331837 a multiple of 48?
False
Is 1549929088 a multiple of 797?
True
Is 1069058456 a multiple of 2803?
False
Is 454 a factor of 23527414?
False
Is 13 a factor of 3252340563?
False
Is 204349530 a multiple of 330?
True
Is 3799319024 a multiple of 6141?
False
Is 26 a factor of 81172642?
False
Is 741 a factor of 71563130?
False
Is 54 a factor of 49155606?
True
Is 1549981488 a multiple of 22?
True
Is 55 a factor of 56259500?
True
Does 70 divide 20070610?
True
Does 1136 divide 64706560?
True
Is 245317100 a multiple of 14?
True
Is 164227272 a multiple of 174?
False
Is 1223 a factor of 765162640?
False
Is 100 a factor of 177493300?
True
Is 73598850 a multiple of 115?
True
Is 1299928109 a multiple of 3905?
False
Does 37 divide 18112332?
False
Does 986 divide 1179457892?
False
Is 4956912 a multiple of 174?
True
Is 16 a factor of 27894097?
False
Is 19 a factor of 14412284?
False
Is 22335795 a multiple of 45?
True
Is 1514030 a multiple of 6?
False
Does 1321 divide 54095696?
False
Is 6052088 a multiple of 4?
True
Is 1470 a factor of 101310930?
True
Does 428 divide 10244635?
False
Does 3083 divide 1565561757?
False
Does 223 divide 186024147?
True
Does 5 divide 167923528?
False
Is 24898255 a multiple of 519?
False
Is 52259076 a multiple of 18?
True
Is 7202650 a multiple of 5?
True
Does 12599 divide 583308502?
True
Does 2 divide 936300?
True
Does 2095 divide 2847914812?
False
Is 203 a factor of 81698493?
False
Is 20 a factor of 823127683?
False
Is 344254720 a multiple of 80?
True
Is 993313 a multiple of 863?
True
Is 2179231179 a multiple of 5981?
True
Does 1758 divide 38706163?
False
Does 1219 divide 61892287?
True
Does 6067 divide 1932525641?
False
Does 97 divide 39206111?
False
Does 3 divide 9531422?
False
Is 388 a factor of 400283692?
True
Is 52 a factor of 33861466?
False
Is 10172357 a multiple of 41?
False
Is 870 a factor of 3472437090?
True
Is 2251 a factor of 416527291?
True
Is 8083887 a multiple of 7?
True
Is 1358866413 a multiple of 4?
False
Does 140 divide 105506869?
False
Is 137 a factor of 116947013?
False
Is 113 a factor of 960857676?
False
Is 90704778 a multiple of 6?
True
Is 2531288125 a multiple of 95?
False
Is 598850658 a multiple of 22?
False
Does 88 divide 212210328?
True
Does 32 divide 1535823488?
True
Is 1872 a factor of 159608592?
True
Is 1198128062 a multiple of 49?
False
Is 2679 a factor of 627226042?
False
Does 191 divide 1200626?
True
Does 3906 divide 430814095?
False
Is 49 a factor of 221635462?
False
Is 281 a factor of 11709551?
True
Does 308 divide 1432424645?
False
Is 1117621989 a multiple of 7393?
True
Is 1338 a factor of 466377072?
False
Is 50977698 a multiple of 20?
False
Is 45015840 a multiple of 1548?
True
Does 31 divide 323200443?
False
Is 173 a factor of 13269792?
True
Is 175 a factor of 261287719?
False
Does 34 divide 6201735?
False
Does 127 divide